40170 - -99496. What are the prime factors of j?
2, 29663
Let i be ((-6)/4 + 2)*0. Suppose -21*r + 9*r + 2100 = i. What are the prime factors of r?
5, 7
Suppose 4*k + 5*v - 24 = 0, 0 + 6 = k - 3*v. Let g be (k*6/(-9))/(-2). Suppose 0 = -4*a + g*x - x + 228, -2*a - x + 108 = 0. List the prime factors of a.
2, 7
Suppose 25*f - 325 = 30*f. Let c(s) = -18*s - 10. Let b be c(-8). Let o = f + b. List the prime factors of o.
3, 23
Let b(l) = -182*l + 1155. List the prime factors of b(0).
3, 5, 7, 11
Suppose 5*y = -2*v + 52, 13*y - 2*v = 8*y + 68. Let m(o) = 8*o**2 - 16*o - 15. What are the prime factors of m(y)?
3, 5, 7
Let y(x) = 3*x**2 - 131*x + 74. What are the prime factors of y(44)?
2, 59
Let f(r) = -r**3 + 32*r**2 - 21*r + 72. List the prime factors of f(30).
2, 3, 23
List the prime factors of ((-1041067)/(-57))/(3 - (-16)/(-6)).
157, 349
Let p be ((-42)/15)/(2*(-6)/180). Suppose -p*l + 32706 = -19*l. What are the prime factors of l?
2, 3, 79
Suppose 65*n - 180 = 53*n. What are the prime factors of (n + -39)/(((-4)/(-123))/(-2))?
2, 3, 41
Let m(l) be the second derivative of 17*l**4/6 - 2*l**3/3 + l**2/2 - 27*l. What are the prime factors of m(-4)?
3, 11, 17
Let i(d) = -d**3 + d + 730. Let z be i(0). Suppose -20*h = -15*h + z. Let f = -32 - h. List the prime factors of f.
2, 3, 19
Let o(m) = -2*m + 24. Let c be o(15). List the prime factors of (-2 + 135)*(5 + 4 + c).
3, 7, 19
Suppose -3*l + 2306 = 2*x, 3*x + 2*x = -3*l + 2291. Let j = -486 + l. Let r = j + -165. What are the prime factors of r?
11
Suppose -1078*n = -1099*n + 405867. List the prime factors of n.
7, 11, 251
Suppose -2*l = -3*g - g - 8, 0 = 5*l - 5*g - 35. List the prime factors of (-55 + l)*((-60)/9)/1.
2, 3, 5
Let q be (-16)/4 + 6 + -1. Let i be (-168)/56 - (-14 + q + 0). Suppose t = -t - i, -2*f - t = -347. List the prime factors of f.
2, 11
List the prime factors of (52267/(-2))/(((-3)/(-2))/(120/(-40))).
52267
Suppose -237 = 4*j + 27. Let w = -48 - j. List the prime factors of 3380/w + (25/(-9) - -3).
2, 47
Let p be 7 + (394/(-2) - -6). Let r = p - -257. What are the prime factors of r?
73
Let w(c) = -3*c**3 + 13*c**2 - 2*c. Let n = -813 - -809. List the prime factors of w(n).
2, 3, 17
Let t = -2168 - -12585. What are the prime factors of t?
11, 947
Let n = -46 + -15. Let t = 487 - 205. Let k = t + n. What are the prime factors of k?
13, 17
Let r be ((-160)/6)/((-2)/24). Let l be 1 - 214 - (8 - 45/5). Let s = r + l. What are the prime factors of s?
2, 3
Let y(x) = 5*x**3 - x**2 + 10*x - 4. Let u(s) = -4*s**3 - 9*s + 4. Let j(p) = -4*u(p) - 3*y(p). What are the prime factors of j(4)?
2, 3, 11
Suppose 3304*l - 3299*l = 27700. What are the prime factors of l?
2, 5, 277
Suppose o + 339*s - 2384 = 340*s, -o - 5*s + 2378 = 0. What are the prime factors of o?
2383
Let f be 26/(-3 + 1) - (5 + -1). Let i = 53 - f. List the prime factors of i.
2, 5, 7
Let a = -210 + 468. Let u(g) = 157*g**2 - 1. Let h be u(-1). Suppose -h = -6*s + a. List the prime factors of s.
3, 23
Let q(h) = 2*h**3 + 128*h**2 + 103*h - 714. List the prime factors of q(-63).
3, 5, 7
Let g(z) = -238*z - 641. List the prime factors of g(-6).
787
Suppose 934*v - 799176 = 878*v. List the prime factors of v.
3, 67, 71
Let b(t) = -t**2 - 9*t + 14. Let v be b(-10). Let w(g) = 6*g**3 + 2*g**2 + 6*g - 7. Let d be w(v). What are the prime factors of (-12)/8*(1 + d/(-3))?
5, 43
Let w(z) = -2*z**3 - 167*z**2 + 18*z - 377. List the prime factors of w(-84).
5167
Suppose 8*r - 102 = 5*r - s, 0 = -2*r - 5*s + 81. Suppose -4*g + 232 = 2*z, -g + 15 = 3*z - r. What are the prime factors of g?
2, 3, 5
Let z(v) = v**2 - 3*v - 3. Let n be z(4). Let a be 6 + n - (0 - -1). Suppose 27 = a*b + 9. What are the prime factors of b?
3
Let i(t) = -6 - 11 - 11*t**2 + 14*t**2 + 11*t. What are the prime factors of i(-10)?
173
Let v be 11 - (-4 - 9/3). List the prime factors of (v - -2199)*(-1)/(-3).
739
Suppose -3*r = 3 - 15. Let u be (6/r)/((-1)/(-2)) - -1. Suppose -63 - 102 = -5*k + 3*d, 3*k = -u*d + 99. List the prime factors of k.
3, 11
Let a be (77/56 - (-6)/(-16)) + 1603. Let h = a - 1057. List the prime factors of h.
547
Suppose -1398*h = -1372*h - 148720. What are the prime factors of h?
2, 5, 11, 13
Suppose 1541*m - 200442 = 1530*m. List the prime factors of m.
2, 3, 3037
Let h = 10075 - 3473. List the prime factors of h.
2, 3301
Let a(l) = 22*l + 69. Let p be a(-3). Suppose -p*i = -3774 + 2799. List the prime factors of i.
5, 13
Suppose 3*x - 5 = h, 5*h + 32 - 7 = 5*x. What are the prime factors of (-33 + 0)/((-871)/(-182) + h)?
2, 7, 11
What are the prime factors of (1 + -2)*-6 + 67502 + 544/17?
2, 5, 11, 307
Suppose 27*b - 202822 + 21814 = 47061. List the prime factors of b.
8447
Let g(y) = -3*y**2 - 30*y + 10. Let j be g(-9). Let w = j - 35. Suppose 0 = 6*o - w*o - 76. List the prime factors of o.
19
Let f(o) = 2058*o - 1. Let s be f(1). Suppose -2458 - s = -7*y. List the prime factors of y.
3, 5, 43
Let q = 14 - 12. Suppose -116 = q*o - 716. Suppose 4*m - 3*m + i - 65 = 0, -o = -4*m + 4*i. List the prime factors of m.
2, 5, 7
Let p = -3921 - -6632. List the prime factors of p.
2711
Let i(p) = 10*p - 13*p + 8*p + 5. Let f be i(6). List the prime factors of 3/(30/(-4)) + 574/f.
2
Suppose 28 = -190*r + 186*r, 4*r - 2891 = -p. What are the prime factors of p?
3, 7, 139
Let r(y) be the second derivative of -y**3/2 - y**2/2 - 9*y. Let s be r(-3). Let n = 26 - s. What are the prime factors of n?
2, 3
Suppose -13*u - 3366 = -19*u. Let o = u + -116. What are the prime factors of o?
5, 89
Let n(c) = c**3 - 21*c**2 - 43*c - 20. Let j be n(23). List the prime factors of (-3)/21 + 82719/j.
2, 211
List the prime factors of (213/284)/((-1)/(-4148)).
3, 17, 61
Let m(t) = 16*t**2 - 3*t + 4. Let n be m(2). Suppose -4*v = -2*x - 60, -2*x = 2*v - 4*v + n. Let z = 82 + x. What are the prime factors of z?
2, 5
Suppose -r - 5*r + 54 = 0. Let z(n) = n**2 - 25*n - 27. Let b be z(26). List the prime factors of (r/(-27))/(b/858).
2, 11, 13
Suppose 0 = d - 68 + 65. Suppose d*o + 3 = 5*g, 2*o = -6*g + 2*g + 20. Suppose k - 61 = -5*m, -g*m - 2*m + 5*k + 55 = 0. List the prime factors of m.
2, 3
Suppose 0 = -63*o + 152*o - 71*o - 483480. List the prime factors of o.
2, 5, 17, 79
Let f = -23357 + 69511. List the prime factors of f.
2, 47, 491
Suppose -5*j = 3*n - 20602, -1 = -5*j + 24. List the prime factors of n.
19
Let o(t) = 282*t**3 - t**2 - 7*t + 7. Let h be o(1). Suppose 21*s - 1352 + h = 0. List the prime factors of s.
3, 17
Let u(m) = 5*m**2 - 232*m - 44. List the prime factors of u(56).
2, 661
Suppose -209*x + 196*x = -34008. What are the prime factors of x?
2, 3, 109
Let u = -3 + 2. Let m be (-7 - 2)/(u/25). Let z = -154 + m. List the prime factors of z.
71
Let q = -501 + 712. Let z = 349 - q. List the prime factors of z.
2, 3, 23
Let j(z) = 32*z - 1181. Let i be j(37). Let k be 10*(-3)/((-15)/(-4)). List the prime factors of (-1455)/(-12) - ((-26)/k - i).
11
Let h be (3/(-5))/((-12)/15 - -1). List the prime factors of (10/15)/(h*(-1)/2097).
2, 233
Suppose 5*t - n = 24036, -58*n = 5*t - 62*n - 24024. What are the prime factors of t?
2, 601
Let h = -31853 + 53228. What are the prime factors of h?
3, 5, 19
Let z(t) be the third derivative of 1/4*t**4 - t**3 - 18*t**2 + 0*t + 0. List the prime factors of z(17).
2, 3
Let p(x) = 1178*x**2 - 298*x - 1768. List the prime factors of p(-6).
2, 10607
Suppose -7*u = -11*u + 96. Suppose u*f - 18*f = 12. Suppose -4*b - 2*k = -106, -2*b + 111 = f*b + k. What are the prime factors of b?
29
Let y be 0/((-12)/9*9/(-6)). Suppose y = -0*v - 2*v - 192. Let p = -47 - v. List the prime factors of p.
7
Suppose -m + 388 + 254 = 0. What are the prime factors of m?
2, 3, 107
Suppose -5*j = -r - 4577, -17*j + r - 913 = -18*j. List the prime factors of 122/j + 20443/15.
29, 47
Suppose -2*u = 4*s - 20, 5*s - 5*u - 11 = 14. Let a(r) = -r**3 + 10*r**2 - 13*r + 9. Let h be a(s). Suppose -h - 28 = -k. List the prime factors of k.
97
Let l(x) = x**3 - 19*x**2 + 10*x + 25. Suppose t = 0, -4*t = -3*j - 7*t + 9. Let s be (2 - j)/(3 - 348/114). What are the prime factors of l(s)?
5, 43
Let t(p) = p**2 + 2*p - 7. Let y(h) = -3*h**2 - 7*h + 22. Let r(b) = 7*t(b) + 2*y(b). Let a = -998 - -1001. What are the prime factors of r(a)?
2
Suppose 20